{"id":23,"date":"2025-01-11T20:29:55","date_gmt":"2025-01-11T20:29:55","guid":{"rendered":"https:\/\/ziehmy.de\/saab\/?page_id=23"},"modified":"2025-01-21T17:18:38","modified_gmt":"2025-01-21T16:18:38","slug":"meine-saabs","status":"publish","type":"page","link":"https:\/\/ziehmy.de\/saab\/index.php\/willkommen\/saab-und-ich\/meine-saabs\/","title":{"rendered":"Meine SAABs"},"content":{"rendered":"<figure id=\"attachment_597\" aria-describedby=\"caption-attachment-597\" style=\"width: 300px\" class=\"wp-caption alignleft\"><img loading=\"lazy\" decoding=\"async\" class=\"wp-image-597 size-medium\" src=\"https:\/\/ziehmy.de\/saab\/wp-content\/uploads\/2025\/01\/IMG_6365-2-300x225.jpg\" alt=\"\" width=\"300\" height=\"225\" srcset=\"https:\/\/ziehmy.de\/saab\/wp-content\/uploads\/2025\/01\/IMG_6365-2-300x225.jpg 300w, https:\/\/ziehmy.de\/saab\/wp-content\/uploads\/2025\/01\/IMG_6365-2-1024x768.jpg 1024w, https:\/\/ziehmy.de\/saab\/wp-content\/uploads\/2025\/01\/IMG_6365-2-768x576.jpg 768w, https:\/\/ziehmy.de\/saab\/wp-content\/uploads\/2025\/01\/IMG_6365-2.jpg 1280w\" sizes=\"auto, (max-width: 300px) 100vw, 300px\" \/><figcaption id=\"caption-attachment-597\" class=\"wp-caption-text\"><center><span style=\"color: #ff0000;\">SAAB 97 Sonett III<\/span><\/center><\/figcaption><\/figure>\n<p>Sah man vor einigen Jahren noch recht viele\u00a0<strong>SAAB<\/strong>s in freier Wildbahn, so wird es in letzter Zeit doch merklich weniger. Der Grund hierf\u00fcr ist ganz einfach:\u00a0<strong>SAAB<\/strong>\u00a0geh\u00f6rt schon lange nicht mehr zu den produzierenden Fahrzeugherstellern, es gibt also keine Neuwagen mehr.<\/p>\n<p>Wann genau Schluss war bei\u00a0<strong>SAAB<\/strong>, l\u00e4sst sich gar nicht so klar definieren, da das Sterben der schwedischen Automarke ein langer Kampf mit schnellem Besitzerwechsel und viel negativer Presse war. Fakt ist, dass ab 2009 die Produktion mehrfach stockte, dann\u00a0<strong>SAAB<\/strong>\u00a0Anfang 2010 an SPYKER verkauft wurde. Es gab also wieder 2010er und 2011er Fahrzeuge, bis die Produktion dann im Fr\u00fchjahr 2011 erneut stockte\/stoppte und NEVS als neuer Eigent\u00fcmer in Aktion trat. Es folgten dann noch einige wenige\u00a0<strong>SAAB<\/strong>s des Modelljahres 2014, dann war aber (leider) endg\u00fcltig Schluss.<\/p>\n<p>Aber Schluss war nur f\u00fcr den Fahrzeughersteller! Die Ersatzteilproduktion war von dem Ende nicht betroffen, was aber nie so richtig publiziert wurde! Und so ist es auch noch heute kein Problem, einen\u00a0<strong>SAAB<\/strong>\u00a0im Alltag zu fahren.<\/p>\n<p>Dennoch verschwinden die Modelle\u00a0<strong>SAAB<\/strong>s zunehmend schneller aus dem Stra\u00dfenbild, was prim\u00e4r auch daran liegen mag, dass selbst die j\u00fcngsten Fahrzeuge f\u00fcr z.B. Vielfahrer mittlerweile zu alt geworden sind.<\/p>\n<p>Nachdem ich zwischenzeitlich unterschiedliche Modelle anderer Hersteller \u201eausprobierte\u201c und f\u00fcr nicht gut befand, werde ich nun versuchen, der Marke\u00a0<strong>SAAB<\/strong>\u00a0so lange, wie irgendwie m\u00f6glich, treu zu bleiben. Um diesen Versuch m\u00f6glichst problemlos zu gestalten, habe ich im Oktober 2020 einen der letzten je produzierten\u00a0<strong>SAAB<\/strong>\u00a09\u00b3 SportCombis erworben.<\/p>\n<figure id=\"attachment_239\" aria-describedby=\"caption-attachment-239\" style=\"width: 1024px\" class=\"wp-caption aligncenter\"><img loading=\"lazy\" decoding=\"async\" class=\"wp-image-239 size-full\" src=\"https:\/\/ziehmy.de\/saab\/wp-content\/uploads\/2025\/01\/030-beide-vor-Grage-1024x768-1.jpg\" alt=\"\" width=\"1024\" height=\"768\" srcset=\"https:\/\/ziehmy.de\/saab\/wp-content\/uploads\/2025\/01\/030-beide-vor-Grage-1024x768-1.jpg 1024w, https:\/\/ziehmy.de\/saab\/wp-content\/uploads\/2025\/01\/030-beide-vor-Grage-1024x768-1-300x225.jpg 300w, https:\/\/ziehmy.de\/saab\/wp-content\/uploads\/2025\/01\/030-beide-vor-Grage-1024x768-1-768x576.jpg 768w\" sizes=\"auto, (max-width: 1024px) 100vw, 1024px\" \/><figcaption id=\"caption-attachment-239\" class=\"wp-caption-text\"><center><span style=\"color: #ff0000;\">2002er SAAB 9-3 TiD Anniversary und 2011er SAAB 9-3 TTiD Aero Hirsch SportCombi<\/span><\/center><\/figcaption><\/figure>\n<p>Damit habe ich nun 2 Alltags-<strong>SAAB<\/strong>s, die durchaus auch heute noch gut im t\u00e4glichen Chaos auf den Stra\u00dfen mithalten k\u00f6nnen, und einen Oldtimer-<strong>SAAB<\/strong>:<\/p>\n<ul>\n<li style=\"list-style-type: none;\">\n<ul>\n<li style=\"list-style-type: none;\">\n<ul>\n<li style=\"text-align: left;\">1974er\u00a0<strong>SAAB<\/strong>\u00a097 Sonett III (komplett restauriert), ca. 80 PS<\/li>\n<li style=\"text-align: left;\">2002er\u00a0<strong>SAAB<\/strong>\u00a09\u00b3 TiD SE Anniversary (1. Generation), 148 PS<\/li>\n<li style=\"text-align: left;\">2011er\u00a0<strong>SAAB<\/strong>\u00a09\u00b3 TTiD Aero SportCombi (3. Generation), 200 PS<\/li>\n<\/ul>\n<\/li>\n<\/ul>\n<\/li>\n<\/ul>\n<p style=\"text-align: left;\">Um im Alltag stressfrei\u00a0<strong>SAAB<\/strong>\u00a0fahren zu k\u00f6nnen, und das m\u00f6glichst auch noch f\u00fcr viele Jahre, ist es ratsam, die eigene Werkstatt technisch ein wenig aufzur\u00fcsten. Einmal abgesehen vom richtigen Werkzeug, ist das richtige Diagnoseger\u00e4t von ganz entscheidender Bedeutung: Es sollte ein\u00a0<strong>SAAB<\/strong>-Tech2-Ger\u00e4t sein. Dazu gibt es in dieser Rubrik dann auch noch weitere Informationen\u2026.<\/p>\n<p style=\"text-align: center;\">Direkt zu\u00a0<a href=\"https:\/\/ziehmy.de\/saab\/index.php\/willkommen\/saab-und-ich\/werkstatt-tech2\/\">Werkstatt &amp; Tech2 \u2192<\/a><\/p>\n<p>Mehr Informationen zu diesen beiden Alltags-<strong>SAAB<\/strong>s, technische Daten und Besonderheiten,\u00a0 pr\u00e4sentiere ich auf den hier folgenden Seiten! Aber schon einmal vorweg: Beide\u00a0<strong>SAAB<\/strong>s sind auf ihre Weise einmalig! Und dann ist da ja auch noch der Oldie\u2026<\/p>\n<p style=\"text-align: center;\">Direkt zum\u00a0<a href=\"https:\/\/ziehmy.de\/saab\/index.php\/willkommen\/saab-und-ich\/meine-saabs\/saab-97-sonett-iii\/\">1974er SAAB 97 Sonett III \u2192<\/a><\/p>\n<p style=\"text-align: center;\">Direkt zum\u00a0<a href=\"https:\/\/ziehmy.de\/saab\/index.php\/willkommen\/saab-und-ich\/meine-saabs\/saab-93-tid-se-anni\/\">2002er SAAB 9\u00b3 TiD Anniversary \u2192<\/a><\/p>\n<p style=\"text-align: center;\">Direkt zum\u00a0\u00a0<a href=\"https:\/\/ziehmy.de\/saab\/index.php\/willkommen\/saab-und-ich\/meine-saabs\/saab-9-3-ttid-aero\/\">2011er SAAB 9\u00b3 TTiD Aero SportCombi \u2192<\/a><\/p>\n<hr class=\"wp-block-separator is-style-wide\" \/>\n<p style=\"text-align: center;\">Zur\u00fcck zu\u00a0<a href=\"https:\/\/ziehmy.de\/saab\/index.php\/willkommen\/saab-und-ich\/\">SAAB und Ich \u21b5<\/a><\/p>\n<hr class=\"wp-block-separator is-style-wide\" \/>\n<p>&nbsp;<\/p>\n","protected":false},"excerpt":{"rendered":"<p>Sah man vor einigen Jahren noch recht viele\u00a0SAABs in freier Wildbahn, so wird es in letzter Zeit doch merklich weniger. Der Grund hierf\u00fcr ist ganz einfach:\u00a0SAAB\u00a0geh\u00f6rt schon lange nicht mehr &#8230;<\/p>\n","protected":false},"author":1,"featured_media":0,"parent":115,"menu_order":0,"comment_status":"closed","ping_status":"closed","template":"","meta":{"footnotes":""},"class_list":["post-23","page","type-page","status-publish","hentry"],"_links":{"self":[{"href":"https:\/\/ziehmy.de\/saab\/index.php\/wp-json\/wp\/v2\/pages\/23","targetHints":{"allow":["GET"]}}],"collection":[{"href":"https:\/\/ziehmy.de\/saab\/index.php\/wp-json\/wp\/v2\/pages"}],"about":[{"href":"https:\/\/ziehmy.de\/saab\/index.php\/wp-json\/wp\/v2\/types\/page"}],"author":[{"embeddable":true,"href":"https:\/\/ziehmy.de\/saab\/index.php\/wp-json\/wp\/v2\/users\/1"}],"replies":[{"embeddable":true,"href":"https:\/\/ziehmy.de\/saab\/index.php\/wp-json\/wp\/v2\/comments?post=23"}],"version-history":[{"count":12,"href":"https:\/\/ziehmy.de\/saab\/index.php\/wp-json\/wp\/v2\/pages\/23\/revisions"}],"predecessor-version":[{"id":610,"href":"https:\/\/ziehmy.de\/saab\/index.php\/wp-json\/wp\/v2\/pages\/23\/revisions\/610"}],"up":[{"embeddable":true,"href":"https:\/\/ziehmy.de\/saab\/index.php\/wp-json\/wp\/v2\/pages\/115"}],"wp:attachment":[{"href":"https:\/\/ziehmy.de\/saab\/index.php\/wp-json\/wp\/v2\/media?parent=23"}],"curies":[{"name":"wp","href":"https:\/\/api.w.org\/{rel}","templated":true}]}}

<figure id="attachment_597" aria-describedby="caption-attachment-597" style="width: 300px" class="wp-caption alignleft"><img loading="lazy" decoding="async" class="wp-image-597 size-medium" src="https://ziehmy.de/saab/wp-content/uploads/2025/01/IMG_6365-2-300x225.jpg" alt="" width="300" height="225" srcset="https://ziehmy.de/saab/wp-content/uploads/2025/01/IMG_6365-2-300x225.jpg 300w, https://ziehmy.de/saab/wp-content/uploads/2025/01/IMG_6365-2-1024x768.jpg 1024w, https://ziehmy.de/saab/wp-content/uploads/2025/01/IMG_6365-2-768x576.jpg 768w, https://ziehmy.de/saab/wp-content/uploads/2025/01/IMG_6365-2.jpg 1280w" sizes="auto, (max-width: 300px) 100vw, 300px" /><figcaption id="caption-attachment-597" class="wp-caption-text"><center><span style="color: #ff0000;">SAAB 97 Sonett III</span></center></figcaption></figure>
<p>Sah man vor einigen Jahren noch recht viele <strong>SAAB</strong>s in freier Wildbahn, so wird es in letzter Zeit doch merklich weniger. Der Grund hierfür ist ganz einfach: <strong>SAAB</strong> gehört schon lange nicht mehr zu den produzierenden Fahrzeugherstellern, es gibt also keine Neuwagen mehr.</p>
<p>Wann genau Schluss war bei <strong>SAAB</strong>, lässt sich gar nicht so klar definieren, da das Sterben der schwedischen Automarke ein langer Kampf mit schnellem Besitzerwechsel und viel negativer Presse war. Fakt ist, dass ab 2009 die Produktion mehrfach stockte, dann <strong>SAAB</strong> Anfang 2010 an SPYKER verkauft wurde. Es gab also wieder 2010er und 2011er Fahrzeuge, bis die Produktion dann im Frühjahr 2011 erneut stockte/stoppte und NEVS als neuer Eigentümer in Aktion trat. Es folgten dann noch einige wenige <strong>SAAB</strong>s des Modelljahres 2014, dann war aber (leider) endgültig Schluss.</p>
<p>Aber Schluss war nur für den Fahrzeughersteller! Die Ersatzteilproduktion war von dem Ende nicht betroffen, was aber nie so richtig publiziert wurde! Und so ist es auch noch heute kein Problem, einen <strong>SAAB</strong> im Alltag zu fahren.</p>
<p>Dennoch verschwinden die Modelle <strong>SAAB</strong>s zunehmend schneller aus dem Straßenbild, was primär auch daran liegen mag, dass selbst die jüngsten Fahrzeuge für z.B. Vielfahrer mittlerweile zu alt geworden sind.</p>
<p>Nachdem ich zwischenzeitlich unterschiedliche Modelle anderer Hersteller „ausprobierte“ und für nicht gut befand, werde ich nun versuchen, der Marke <strong>SAAB</strong> so lange, wie irgendwie möglich, treu zu bleiben. Um diesen Versuch möglichst problemlos zu gestalten, habe ich im Oktober 2020 einen der letzten je produzierten <strong>SAAB</strong> 9³ SportCombis erworben.</p>
<figure id="attachment_239" aria-describedby="caption-attachment-239" style="width: 1024px" class="wp-caption aligncenter"><img loading="lazy" decoding="async" class="wp-image-239 size-full" src="https://ziehmy.de/saab/wp-content/uploads/2025/01/030-beide-vor-Grage-1024x768-1.jpg" alt="" width="1024" height="768" srcset="https://ziehmy.de/saab/wp-content/uploads/2025/01/030-beide-vor-Grage-1024x768-1.jpg 1024w, https://ziehmy.de/saab/wp-content/uploads/2025/01/030-beide-vor-Grage-1024x768-1-300x225.jpg 300w, https://ziehmy.de/saab/wp-content/uploads/2025/01/030-beide-vor-Grage-1024x768-1-768x576.jpg 768w" sizes="auto, (max-width: 1024px) 100vw, 1024px" /><figcaption id="caption-attachment-239" class="wp-caption-text"><center><span style="color: #ff0000;">2002er SAAB 9-3 TiD Anniversary und 2011er SAAB 9-3 TTiD Aero Hirsch SportCombi</span></center></figcaption></figure>
<p>Damit habe ich nun 2 Alltags-<strong>SAAB</strong>s, die durchaus auch heute noch gut im täglichen Chaos auf den Straßen mithalten können, und einen Oldtimer-<strong>SAAB</strong>:</p>
<ul>
<li style="list-style-type: none;">
<ul>
<li style="list-style-type: none;">
<ul>
<li style="text-align: left;">1974er <strong>SAAB</strong> 97 Sonett III (komplett restauriert), ca. 80 PS</li>
<li style="text-align: left;">2002er <strong>SAAB</strong> 9³ TiD SE Anniversary (1. Generation), 148 PS</li>
<li style="text-align: left;">2011er <strong>SAAB</strong> 9³ TTiD Aero SportCombi (3. Generation), 200 PS</li>
</ul>
</li>
</ul>
</li>
</ul>
<p style="text-align: left;">Um im Alltag stressfrei <strong>SAAB</strong> fahren zu können, und das möglichst auch noch für viele Jahre, ist es ratsam, die eigene Werkstatt technisch ein wenig aufzurüsten. Einmal abgesehen vom richtigen Werkzeug, ist das richtige Diagnosegerät von ganz entscheidender Bedeutung: Es sollte ein <strong>SAAB</strong>-Tech2-Gerät sein. Dazu gibt es in dieser Rubrik dann auch noch weitere Informationen….</p>
<p style="text-align: center;">Direkt zu <a href="https://ziehmy.de/saab/index.php/willkommen/saab-und-ich/werkstatt-tech2/">Werkstatt &amp; Tech2 →</a></p>
<p>Mehr Informationen zu diesen beiden Alltags-<strong>SAAB</strong>s, technische Daten und Besonderheiten,  präsentiere ich auf den hier folgenden Seiten! Aber schon einmal vorweg: Beide <strong>SAAB</strong>s sind auf ihre Weise einmalig! Und dann ist da ja auch noch der Oldie…</p>
<p style="text-align: center;">Direkt zum <a href="https://ziehmy.de/saab/index.php/willkommen/saab-und-ich/meine-saabs/saab-97-sonett-iii/">1974er SAAB 97 Sonett III →</a></p>
<p style="text-align: center;">Direkt zum <a href="https://ziehmy.de/saab/index.php/willkommen/saab-und-ich/meine-saabs/saab-93-tid-se-anni/">2002er SAAB 9³ TiD Anniversary →</a></p>
<p style="text-align: center;">Direkt zum  <a href="https://ziehmy.de/saab/index.php/willkommen/saab-und-ich/meine-saabs/saab-9-3-ttid-aero/">2011er SAAB 9³ TTiD Aero SportCombi →</a></p>
<hr class="wp-block-separator is-style-wide" />
<p style="text-align: center;">Zurück zu <a href="https://ziehmy.de/saab/index.php/willkommen/saab-und-ich/">SAAB und Ich ↵</a></p>
<hr class="wp-block-separator is-style-wide" />
<p>&nbsp;</p>

<p>Sah man vor einigen Jahren noch recht viele SAABs in freier Wildbahn, so wird es in letzter Zeit doch merklich weniger. Der Grund hierfür ist ganz einfach: SAAB gehört schon lange nicht mehr &#8230;</p>
